5*t(g). What is the remainder when 2 is divided by j(-2)?
0
Let f(s) be the first derivative of -s**4/4 + 5*s**3/3 + s**2/2 - 4*s - 8. Let q = 124 + -62. Calculate the remainder when q is divided by f(4).
14
Let l be 1/4*-1*4. What is the remainder when 57 is divided by (l/(-2))/(2/60)?
12
Suppose 84 = 13*y - 7*y. Calculate the remainder when y is divided by 9.
5
Suppose 14 = -5*l + 49. Suppose 11 = 5*d - 74. Calculate the remainder when d is divided by l.
3
Let b(k) = -k**3 + 20. Calculate the remainder when 57 is divided by b(0).
17
Suppose 0 = 2*l - 2*m - 20, -2*m + 3 = -1. Suppose l = 3*z - 15. Calculate the remainder when ((-17)/2)/(2/(-4)) is divided by z.
8
Suppose 5*j = 5*b + 468 - 83, 0 = -4*j - 3*b + 273. Suppose s = -s + j. Calculate the remainder when s is divided by 19.
17
Let u = 0 + -1. Let p(g) = -10*g + 1. Calculate the remainder when 31 is divided by p(u).
9
Suppose 5*p - 168 = 242. Calculate the remainder when p is divided by 21.
19
Suppose 4*v = -0*v + 16. Suppose -v*q = -4*k - 176, -5*q + 0*k + 216 = -k. What is the remainder when q is divided by 15?
13
Let w = 6 - -4. Calculate the remainder when 19 is divided by w.
9
Calculate the remainder when 26 is divided by 1 - (4 + 0 + -10).
5
Let y(g) = -g. Let q(p) = -p - 1. Let i be q(-1). Let z be y(i). Suppose z = c - 10 - 2. What is the remainder when 23 is divided by c?
11
Suppose -19*y + 2565 = -4*y. Calculate the remainder when y is divided by 44.
39
Let t(n) = 2*n**3 - n**2 + 2*n - 1. Let v be t(1). Suppose 0*h = v*h - 22. What is the remainder when h is divided by 6?
5
Suppose 0 = 3*d - 4*q - 176 + 14, 3*d - 177 = -q. What is the remainder when d is divided by (-1 - 2/(-3))/(6/(-270))?
13
Let r = 20 - 0. Let b = -5 - -9. Suppose -g + r = b*g. Calculate the remainder when 11 is divided by g.
3
Suppose 2*n - v - 101 = 0, -v - 13 = -n + 36. Let k = 63 - 35. Calculate the remainder when n is divided by k.
24
Let t = -206 + 291. What is the remainder when t is divided by 22?
19
Let s = -9 - -14. Suppose 14 = s*k - 3*k. What is the remainder when k is divided by 4?
3
Suppose s + 2*s = -516. Let x be s/6*(-18)/4. Suppose -3*y = -0*y - x. Calculate the remainder when y is divided by 15.
13
Let r(x) = -x**3 + 6*x**2 + 3*x - 11. What is the remainder when 82 is divided by r(5)?
24
Let h = 0 + -12. Let t = -7 - h. Suppose -2*v = u - 30, 0*u - 2*u + 73 = t*v. What is the remainder when 38 is divided by v?
12
Let r(q) = -9*q**2 + 2*q + 2. Let a be r(2). What is the remainder when ((-12)/9)/(5/a) is divided by 5?
3
Let c(j) = -2*j - 9. Let s be c(-6). Suppose -5*d = s - 28. Suppose -d*q + 20 = 0, 4*q = -0*t + t + 14. Calculate the remainder when 5 is divided by t.
1
Calculate the remainder when 6 is divided by ((-16)/(-6))/((-2)/(-3)).
2
Suppose -3*u - 2*u = -95. Suppose i + 2*q = -19, 2*q + 1 = -5. Let n = i + u. What is the remainder when 10 is divided by n?
4
Let g be -2*2*(-36)/16. Let c = g + 6. What is the remainder when c is divided by 4?
3
Suppose -3 = -2*s + s. Suppose -s*p - 4 = -2*p. Calculate the remainder when 3/((-3)/p)*11 is divided by 15.
14
Let c be -12*(2/3 - 1). Suppose -c*o = p + 8, -2*p - 5*o - 3 = 4. What is the remainder when p is divided by 2?
0
Let h = 15 + -8. What is the remainder when 26 is divided by h?
5
Suppose 4*w = 4*x + 2*w - 8, -x - 5*w = -2. Suppose -2*h + 2*t + 8 = -x*t, 5*t = -5*h + 95. What is the remainder when 53 is divided by h?
11
Let y(z) = -8*z. Let u(q) = 2*q. Let l(a) = 9*u(a) + 2*y(a). Let i be l(1). What is the remainder when 7 is divided by 5 + 2*(-1)/i?
3
Let v(a) = a**2 + 2*a - 7. Calculate the remainder when 14 is divided by v(-5).
6
Suppose 5*g + 336 = 4*o, -5*o = -g - 4*g - 415. What is the remainder when o is divided by 40?
39
Let g = 6 - -21. What is the remainder when g is divided by 10?
7
Let z = 84 - 51. Suppose -4*w = -5*o + 3*o + 24, 3*o - 5*w = z. Let l = o - -5. What is the remainder when 21 is divided by l?
10
Let t(j) = -j**3 + j**2 - 4*j + 5. Let g be t(5). Let x = 175 + g. Suppose -3*q + x = -0*q. What is the remainder when q is divided by 7?
6
Let s(h) = h**3 + 7*h**2 - 6*h + 10. Suppose 4*o + 33 - 1 = 0. Let l be s(o). Let c(w) = w**2 + 3*w + 7. Calculate the remainder when c(l) is divided by 13.
12
Suppose -t + o + 1 - 5 = 0, -o + 4 = -4*t. Suppose 130 = 4*q + 2*c, q + t*c = 3*c + 36. What is the remainder when q is divided by 17?
16
Let c(w) = -8*w + 6. What is the remainder when c(-3) is divided by 11?
8
Let p(o) = -2*o. Calculate the remainder when 15 is divided by p(-2).
3
Let w(h) = -2*h + 5. Let u be w(-4). Let t = u + 39. Calculate the remainder when t is divided by 27.
25
Let d(b) be the first derivative of 59*b**2/2 - b + 5. Calculate the remainder when d(1) is divided by 30.
28
Let k be (-2 - -2)*(-2 - -1). Let r = 5 - k. What is the remainder when (2/5)/((-1)/(-20)) is divided by r?
3
Let f be (2/(-3))/((-1)/(-6)). Let y = -3 - f. Calculate the remainder when -4 - -4 - (0 - 2) is divided by y.
0
Suppose 23 = 2*o - 3*d, -5*o = d - 2 - 13. Suppose 0 = -4*j + 14 + 10. What is the remainder when j is divided by o?
2
Suppose 7 = q + 3*q - 3*n, 4*q - 2*n - 6 = 0. What is the remainder when q/(-3*(-3)/72) is divided by 5?
3
Suppose v + 5*a + 25 = -v, -5*v = -2*a + 106. Let r = v + 55. What is the remainder when r is divided by 12?
11
Suppose -5 - 22 = -2*r + s, 0 = 4*s + 4. Calculate the remainder when 45 is divided by r.
6
Suppose 0 = 5*r - 3*r - 62. What is the remainder when r is divided by 17?
14
Suppose -24 = -14*k + 11*k. Calculate the remainder when 26 is divided by k.
2
Suppose 7*k - 53 - 10 = 0. Calculate the remainder when 62 is divided by k.
8
Suppose -2*g + 31 = -5*d, -5*d - 18 = -g - 0*d. Calculate the remainder when 49 is divided by g.
10
Suppose -z + 0*z + 52 = 0. What is the remainder when z is divided by ((-29 - -2)*1)/(-1)?
25
Let s be (-10)/(-10) + 56/2. Let j = s + -12. Calculate the remainder when j is divided by 9.
8
Let h(c) = 4*c**2 - 4*c - 2. What is the remainder when 64 is divided by h(3)?
20
Suppose 2*z = t - 17, -4*t + 0 = 5*z - 3. Calculate the remainder when 10 is divided by t.
3
Suppose -4*b + 5*z = 5 - 50, 2*z + 9 = b. Suppose -4*h - 1 + 97 = 0. Calculate the remainder when b is divided by ((-5)/(15/h))/(-1).
7
Let r = 68 + -10. Calculate the remainder when r is divided by 12.
10
Let v(k) be the second derivative of k**3/2 + 5*k**2/2 + 3*k. What is the remainder when 50 is divided by v(4)?
16
Suppose -10 + 2 = -p. Let j(g) = -g**2 + g. Let t(b) = -b**3 + b**2 + b - 1. Let z(r) = 3*j(r) + t(r). What is the remainder when z(-4) is divided by p?
7
Let a(i) = -i**3 - 2*i**2 - 4*i + 2. Suppose -46 = -4*n - 3*s, 4*s = -0*n + 4*n - 60. What is the remainder when a(-4) is divided by n?
11
Let g be -1*-2*3/6. Let a(j) = 30*j**2 + 1. Let o be a(g). Let i = o - 15. What is the remainder when i is divided by 9?
7
Let j(l) = -l**2 + l - 1. Let v be j(2). Let a be v/2*4/(-3). What is the remainder when 14 is divided by (18/(-15) + a)*10?
6
Suppose 3*s + 4*x = 76, -2 = -4*x + 2. Calculate the remainder when s is divided by 9.
6
Suppose 8*k - 3*k - 35 = 0. What is the remainder when 32 is divided by k?
4
Let b = 8 + 247. Calculate the remainder when b is divided by 43.
40
Suppose 2*j + 9 = 3*d, j = 2*d - 0*j - 6. Let o(l) = 9*l**2 + 5. Calculate the remainder when o(d) is divided by 22.
20
Let j be (-1)/(-4) + 25/(-4). Calculate the remainder when 45/(-15) - (-1 - 13) is divided by 12/(-2)*4/j.
3
Suppose 10 = 4*k - 162. Suppose -14*p = -9*p - 75. Calculate the remainder when k is divided by p.
13
Suppose -2*j - 167 = -5*k, 3*k - 4*j = -7*j + 117. Calculate the remainder when k is divided by 12.
11
Suppose -11 = -3*a + g, -5*a - g = -10*a + 17. What is the remainder when a is divided by 1?
0
Suppose 0 = -f + 1 + 2. Suppose -h = f*h - 56. What is the remainder when 26 is divided by h?
12
Let b(v) = -v**2 + 4*v. Let g be b(5). Let p = g - -16. Calculate the remainder when 41 is divided by p.
8
Let w be (-1 - (4 - 2)) + 3. Suppose w = k - 4*j - 43, 0*j + 2*j = -5*k + 105. Calculate the remainder when k is divided by 8.
7
Let o(r) = -r**2 - 14*r + 35. Let j(x) = -x**3 + 6*x**2 - 4*x + 1. Calculate the remainder when o(-13) is divided by j(4).
14
Suppose -5*c - 4*w = -w + 147, c + 47 = -5*w. Let